to base 4
-103011002
What is -1c525 (base 14) in base 2?
-10001101010100101
What is -2b11109 (base 13) in base 4?
-310201201021
Convert a72c1 (base 16) to base 2.
10100111001011000001
What is 238578 (base 9) in base 6?
3031025
Convert 32023331112 (base 4) to base 3.
20222221111200
122301120 (base 4) to base 3
12120102100
Convert 118228 (base 11) to base 7.
1405026
Convert 7356486 (base 9) to base 16.
3c0a5f
-14441204 (base 5) to base 2
-100110000010011100
10a5d8 (base 14) to base 10
566434
165883 (base 14) to base 4
2333111223
-103213212023 (base 4) to base 11
-29a2a55
What is 2203420122 (base 5) in base 4?
102013032002
Convert 350535243 (base 6) to base 5.
3124414400
656107 (base 14) to base 2
1101000110110010101011
-2473550 (base 8) to base 15
-d8388
14010166 (base 7) to base 8
4744375
What is -1a9739b (base 12) in base 6?
-321334315
1261775 (base 8) to base 16
563fd
1110001000111010111010 (base 2) to base 6
211235550
Convert -1102221010202 (base 3) to base 10.
-766280
-55145310 (base 7) to base 14
-8b3440
What is 686124 (base 14) in base 2?
1101100010111011110100
What is -284444 (base 11) in base 9?
-747480
10011111010100000011101 (base 2) to base 6
303520233
Convert 3245305 (base 6) to base 14.
43001
8101866 (base 9) to base 4
100130233032
What is 132431223 (base 6) in base 9?
4875366
-777786 (base 9) to base 8
-1614172
Convert b3a08 (base 13) to base 12.
136738
-204469 (base 10) to base 12
-9a3b1
11213011133 (base 4) to base 16
16715f
Convert 41501625 (base 9) to base 13.
419b043
-42211241 (base 5) to base 14
-91bc9
What is 2001102001 (base 4) in base 12?
216541
What is -3200010023 (base 5) in base 7?
-110310166
Convert -2201033002 (base 4) to base 2.
-10100001001111000010
What is -d5bdc (base 16) in base 3?
-1122110221100
447033 (base 16) to base 7
53060205
What is -2752246 (base 10) in base 4?
-22133323312
Convert 70a916 (base 11) to base 13.
30c909
What is -210012212100220 (base 3) in base 11?
-6401676
-12b8816 (base 12) to base 15
-4d9343
Convert 4111979 (base 11) to base 2.
11011101101100010111010
Convert 433222 (base 9) to base 15.
517b8
Convert -313632 (base 7) to base 5.
-3213133
What is -2333615 (base 9) in base 6?
-43020235
Convert 3445346 (base 7) to base 2.
1101001011000111011
What is 10354005 (base 6) in base 9?
523065
What is 5cb1d (base 14) in base 11?
145768
Convert 313831 (base 11) to base 4.
1322300011
-19530 (base 13) to base 6
-1015510
-4ab266 (base 12) to base 16
-12a5ae
What is 36760766 (base 8) in base 15?
aa5869
What is -25451316 (base 7) in base 8?
-10651473
Convert -2a7806 (base 13) to base 10.
-1044933
Convert -161a421 (base 12) to base 6.
-240454441
What is -161571 (base 11) in base 5?
-31012121
-2202021102010 (base 3) to base 9
-2667363
Convert -15546 (base 8) to base 9.
-10553
Convert -230122220 (base 6) to base 11.
-2415a84
What is -20997 (base 13) in base 15?
-1262c
-101101110111110100000000 (base 2) to base 12
-403ab68
Convert -144aa3c (base 13) to base 11.
-3705a29
-1110111101111011000 (base 2) to base 4
-1313233120
What is -33094 (base 13) in base 9?
-150661
26720a (base 12) to base 2
10011010111001101010
Convert -27eb6 (base 15) to base 2.
-11111010011000100
What is -7028b6 (base 13) in base 8?
-11737622
22211221220 (base 3) to base 8
524171
-21690d (base 15) to base 3
-2222212100111
Convert 324342134 (base 6) to base 8.
26134112
What is -11102120212001 (base 3) in base 4?
-20332222222
44a22 (base 11) to base 8
177142
-1038190 (base 10) to base 3
-1221202010111
Convert 33104220 (base 5) to base 2.
1000101100100000111
-10958 (base 12) to base 16
-5654
Convert 4497c (base 15) to base 12.
a62a6
Convert 4211010 (base 6) to base 3.
101100102020
Convert -21001022120 (base 3) to base 5.
-13414431
-33a3688 (base 11) to base 13
-1303a71
What is -14445315 (base 6) in base 8?
-1730357
Convert -53760 (base 9) to base 15.
-a843
What is -18547774 (base 9) in base 3?
-122121121212111
13be5 (base 16) to base 7
454525
Convert 8830143 (base 9) to base 8.
22061053
Convert -38514 (base 15) to base 7.
-1346560
What is -30314144 (base 5) in base 8?
-736274
What is 44611 (base 10) in base 3?
2021012021
Convert 120531b (base 12) to base 16.
354b87
Convert -1121001201202 (base 3) to base 11.
-529924
What is 320321202 (base 4) in base 11?
14a111
What is 14405455 (base 6) in base 13?
146129
4131320 (base 10) to base 6
224314252
Convert 721921 (base 10) to base 8.
2602001
Convert -1200202221000 (base 3) to base 9.
-1622830
379b998 (base 12) to base 2
101001100110110011000100
What is -204044320 (base 7) in base 9?
-24536407
What is 12443451 (base 6) in base 2?
1100100001011110111
Convert -28638 (base 12) to base 9.
-85078
What is 116dd6 (base 15) in base 8?
3133540
4ee47 (base 15) to base 13
8b1b0
-230312221 (base 4) to base 9
-310014
35b3d (base 14) to base 4
200001223
What is 26290 (base 16) in base 6?
3203344
26ba14 (base 15) to base 13
502618
Convert 6aa09 (base 14) to base 2.
111111011101000001
Convert 12121112 (base 3) to base 12.
244b
Convert 2204230041 (base 5) to base 8.
22115202
What is 745154 (base 9) in base 11?
283117
Convert -1112280 (base 9) to base 12.
-24a5b3
Convert 9bed8c (base 15) to base 10.
7441557
-1000011001101110100 (base 2) to base 9
-458586
-112203120 (base 4) to base 14
-25944
-10111100010001101111100 (base 2) to base 3
-102121102220211
-8610238 (base 9) to base 14
-880d80
What is -134898 (base 11) in base 7?
-1540151
What is -2250247 (base 8) in base 2?
-10010101000010100111
What is 100110111000000010 (base 2) in base 7?
1232145
197382 (base 12) to base 16
6d652
What is 54246 (base 10) in base 15?
11116
-13514214 (base 6) to base 12
-1a296a
What is 2052354 (base 6) in base 12?
4a0ba
-76138 (base 9) to base 3
-2120011022
Convert 4746413 (base 8) to base 6.
43451431
Convert -1036cab (base 13) to base 8.
-22630543
What is 2242268 (base 9) in base 2?
100100111001001001010
What is 17958 (base 14) in base 7?
335241
-a52a1 (base 15) to base 14
-d8c10
2121000002 (base 3) to base 7
301532
What is 8583bd (base 14) in base 15?
5e3739
What is -1b9802 (base 15) in base 5?
-321122202
2120101012002 (base 3) to base 10
1365554
What is 242ac90 (base 13) in base 10?
11220027
3265542 (base 9) to base 8
6545343
-56778d (base 14) to base 15
-3d1316
12201201021020 (base 3) to base 5
1234421403
Convert -173060 (base 12) to base 7.
-3251652
45845 (base 10) to base 3
2022212222
8850a (base 11) to base 10
128391
-51062 (base 7) to base 6
-133212
Convert -7d4003 (base 15) to base 3.
-102021011222010
132781 (base 11) to base 5
23133242
Convert -3201231313 (base 5) to base 10.
-6664583
What is 3383315 (base 9) in base 8?
6757142
25c5d (base 16) to base 4
211301131
What is -7137556 (base 8) in base 9?
-3481338
What is 14563306 (base 7) in base 5?
324100022
What is 1001011010000010100 (base 2) in base 13?
aa3c1
What is -4300183 (base 9) in base 3?
-11100000012210
What is 152466 (base 15) in base 2?
11111001000101010110
Convert -58596 (base 10) to base 14.
-174d6
1253152 (base 6) to base 9
115175
Convert -101122120202000 (base 3) to base 16.
-565f50
What is -6d85a3 (base 14) in base 3?
-21001111020200
Convert 40320330 (base 5) to base 4.
1032322033
Convert -2201021211212 (base 3) to base 16.
-160313
1342456 (base 7) to base 8
534645
-5390573 (base 12) to base 10
-15863847
-a4877 (base 11) to base 9
-252522
Convert 1002200121200 (base 3) to base 13.
175cb3
What is 16145744 (base 8) in base 13?
a042c0
Convert 7612517 (base 8) to base 16.
1f154f
-111110110001100001 (base 2) to base 16
-3ec61
Convert 5611e3 (base 15) to base 6.
223550010
What is -ba191 (base 12) in base 3?
-110110221101
1177da (base 16) to base 12
4725b6
Convert -103140221 (base 6) to base 12.
-744671
-21212000202120 (base 3) to base 7
-50321130
22e55 (base 16) to base 10
142933
What is -10001010100110011010 (base 2) in base 6?
-20100134
What is 4324416 (base 7) in base 4?
2000300220
Convert 66166 (base 7) to base 3.
211201101
What is 7aa3b (base 12) in base 2?
101000000001001111
What is 61a8b (base 12) in base 2?
11111001011001011
345122 (base 7) to base 11
42487
Convert -580088 (base 9) to base 2.
-1010100111010100101
What is -115340 (base 13) in base 8?
-1443406
Convert 4070420 (base 8) to base 14.
20097a
What is -14120042 (base 5) in base 2?
-100011011001111110
C